 base 4, what is -1302 + 1?
-1301
In base 12, what is -4 - -21124?
21120
In base 13, what is 489 - c9?
390
In base 2, what is 110100 + -1000001100?
-111011000
In base 7, what is -346136 - 120?
-346256
In base 9, what is 553 + 383?
1046
In base 5, what is 4330 + 13?
4343
In base 4, what is 23201 - -223?
30030
In base 15, what is 8 - 1db8?
-1db0
In base 15, what is 702213 - -2?
702215
In base 9, what is 1101177 + -5?
1101172
In base 16, what is 3e43 + b5?
3ef8
In base 11, what is 467340 + 5?
467345
In base 11, what is 1450 + -12?
1439
In base 4, what is 1200230 - 22?
1200202
In base 6, what is -155533 - 5?
-155542
In base 3, what is 1210210120 - -110?
1210211000
In base 2, what is -10010000100101100 - 100?
-10010000100110000
In base 13, what is 1 - -6304?
6305
In base 12, what is 12 + -23a7?
-2395
In base 5, what is 110034404 + -3?
110034401
In base 10, what is 69255 - -2?
69257
In base 5, what is 10341 - -411?
11302
In base 3, what is 2111222200 + -200?
2111222000
In base 5, what is 123211 + -20?
123141
In base 13, what is -c19410 - -1?
-c1940c
In base 7, what is -1304 - 150?
-1454
In base 12, what is 77077 + -2?
77075
In base 15, what is -31c + -1067?
-1384
In base 5, what is -104020310 - -10?
-104020300
In base 7, what is 106 + -662?
-553
In base 16, what is 49f + 80d?
cac
In base 7, what is 4350 - -31?
4411
In base 9, what is 4 + -106530?
-106525
In base 3, what is 12120020 + 10022?
12200112
In base 10, what is 3 + -621?
-618
In base 8, what is 43122 + 2?
43124
In base 9, what is -16 - 8351?
-8367
In base 13, what is 315416 - 5?
315411
In base 4, what is -2 - -313?
311
In base 11, what is -77 + 232a?
2263
In base 2, what is 101 + -1010100000110010101?
-1010100000110010000
In base 16, what is -13bb + 84?
-1337
In base 5, what is 4430134 - -1?
4430140
In base 4, what is 13 - 2033211?
-2033132
In base 14, what is 4a3 + 1314?
17b7
In base 4, what is -22223010 - -1?
-22223003
In base 6, what is 2 + -4524114?
-4524112
In base 2, what is -10 + -1100100111101110?
-1100100111110000
In base 3, what is 220010201 - 1?
220010200
In base 11, what is 4 - 859571?
-859568
In base 6, what is -520311 - -13?
-520254
In base 11, what is 48022 - 21?
48001
In base 15, what is e + -288?
-279
In base 8, what is -17 - -26257?
26240
In base 14, what is 2d560 + -5?
2d559
In base 8, what is 0 + 101606?
101606
In base 8, what is 215060 - 0?
215060
In base 5, what is -3 + -112243443?
-112244001
In base 6, what is -312 + 10445?
10133
In base 16, what is 18 - -16fe9?
17001
In base 2, what is -10101 - -10101001111?
10100111010
In base 5, what is 31412200 - 4?
31412141
In base 4, what is 120 + 3111130?
3111310
In base 2, what is -1110 - -111011101?
111001111
In base 5, what is 122033223 - -12?
122033240
In base 2, what is 10111010111 - -10001100?
11001100011
In base 14, what is 0 + -c083?
-c083
In base 15, what is eeec6 + 1?
eeec7
In base 11, what is -4 + -2a8507?
-2a8510
In base 15, what is -2005 - 39?
-203e
In base 16, what is 539 + -1d?
51c
In base 7, what is -62302 + 13?
-62256
In base 7, what is -3321 - -220?
-3101
In base 7, what is -6 - -22036?
22030
In base 6, what is 1240 - 54155?
-52515
In base 16, what is -3 - 184?
-187
In base 14, what is 75d4 - -1?
75d5
In base 7, what is 0 - -40053?
40053
In base 16, what is 23a + -1c?
21e
In base 14, what is aa797d - -3?
aa7982
In base 15, what is 12 - 2d5d?
-2d4b
In base 7, what is -254323 - 0?
-254323
In base 8, what is 0 + 1076170?
1076170
In base 7, what is 1564453 + 4?
1564460
In base 14, what is -9 - -405?
3da
In base 6, what is 1 + -10202143?
-10202142
In base 8, what is 3 - 4317?
-4314
In base 14, what is 310b8 + -4?
310b4
In base 9, what is -230 - 32043?
-32273
In base 8, what is -41 + 73752?
73711
In base 12, what is 1bb + 595?
794
In base 11, what is 426497 - 4?
426493
In base 4, what is 2 - -3222322?
3222330
In base 9, what is 10388 + -54?
10334
In base 14, what is -1b + -a0d6?
-a113
In base 9, what is -4 + 424766?
424762
In base 9, what is 0 + -52718?
-52718
In base 12, what is -109a + -220?
-12ba
In base 13, what is 37 + 147?
181
In base 6, what is 44 + 12323?
12411
In base 15, what is -cc - -a9?
-23
In base 2, what is -10111 - 1000100011111001?
-1000100100010000
In base 16, what is 2 - -13007?
13009
In base 14, what is -5d9 - 72?
-66b
In base 5, what is -2404330120 + 1?
-2404330114
In base 12, what is 1 - -4296?
4297
In base 4, what is 0 + 330011023?
330011023
In base 6, what is -412154 - 5?
-412203
In base 5, what is 1 - 403323102?
-403323101
In base 2, what is 10100101110 - 100100?
10100001010
In base 5, what is 4 - 1213131?
-1213122
In base 16, what is 1042 - -7?
1049
In base 4, what is 10 - -10022332?
10023002
In base 7, what is -20310 - -1415?
-15562
In base 13, what is 3658 + 15?
3670
In base 15, what is -b66 - 5?
-b6b
In base 4, what is -1330101 - -11003?
-1313032
In base 13, what is 0 - ab39?
-ab39
In base 7, what is -5 - 52425?
-52433
In base 3, what is -20010100 - 101?
-20010201
In base 5, what is -1143400 + -10?
-1143410
In base 15, what is 32 - -2ab?
2dd
In base 9, what is 300 - 835?
-535
In base 3, what is -10020200 - 100122?
-10121022
In base 15, what is -4 - 2dbc8?
-2dbcc
In base 5, what is 22 + 33102?
33124
In base 12, what is -11903 - -a?
-118b5
In base 8, what is -2636 + -11?
-2647
In base 7, what is 310 - -450?
1060
In base 4, what is 132 - 3001?
-2203
In base 3, what is -102001 - 12002?
-121010
In base 12, what is 695 + 2b?
704
In base 3, what is 1 + -1221201200021?
-1221201200020
In base 8, what is 46 + -15324?
-15256
In base 12, what is 5 - -54078?
54081
In base 13, what is -8 - 287?
-292
In base 12, what is -229a + 1bb?
-209b
In base 6, what is -22133423 + 3?
-22133420
In base 14, what is d - 77a?
-76b
In base 8, what is 31270 + 4?
31274
In base 10, what is -1 - -25030?
25029
In base 13, what is -7055 + c?
-7046
In base 13, what is 1326 + 107?
1430
In base 7, what is 1035215 - 4?
1035211
In base 14, what is -3871a + -2?
-3871c
In base 10, what is 14 + 9023?
9037
In base 6, what is 5314225 - -3?
5314232
In base 9, what is 116623 + 2?
116625
In base 15, what is -127b + c?
-126e
In base 5, what is 113004 + 10?
113014
In base 16, what is -4a2d + 9?
-4a24
In base 6, what is 443534 - -3?
443541
In base 3, what is 2011211 - 20?
2011121
In base 16, what is -3 - -3e5d8?
3e5d5
In base 6, what is -2 - -1035001?
1034555
In base 11, what is 3518 + -8?
3510
In base 9, what is 3 - -371061?
371064
In base 16, what is -530 + -2cc?
-7fc
In base 6, what is -3243 + -12431?
-20114
In base 7, what is -20 + 5361?
5341
In base 6, what is 11440133 + -5?
11440124
In base 13, what is -238 - -428?
1c0
In base 13, what is -3 - -b53a?
b537
In base 3, what is -11 + 10200221101?
10200221020
In base 7, what is 1233 + -1444?
-211
In base 14, what is 9 + 516?
521
In base 12, what is -4 - -25408b?
254087
In base 2, what is 10000001100001 - 1101?
10000001010100
In base 2, what is -10011010011010000 - -11?
-10011010011001101
In base 15, what is 182c8 + -6?
182c2
In base 15, what is -1b - -7aa0?
7a84
In base 4, what is -10031210321 - -1?
-10031210320
In base 10, what is -5 - -6570?
6565
In base 7, what is 3 + -150131?
-150125
In base 11, what is 107 - -17165?
17271
In base 11, what is -348a8 + 6?
-348a2
In base 13, what is 3 - -96610?
96613
In base 13, what is 1b1 - -8?
1b9
In base 5, what is -4 - 2423204?
-2423213
In base 14, what is -3d23 + 4?
-3d1d
In base 6, what is -21433 + -130?
-22003
In base 7, what is 1 - 1234?
-1233
In base 2, what is 111011 + -10101001010?
-10100001111
In base 3, what is 100200000000 - -11?
100200000011
In base 4, what is -11 + -331233103?
-331233120
In base 9, what is 5 - 3242?
-3236
In base 15, what is -10a92 + -2?
-10a94
In base 9, what is -131508 - -4?
-131504
In base 12, what is -243 - -699?
456
In base 13, what is -2c1c + 18?
-2c04
In base 5, what is -4233 - -14114?
4331
In base 12, what is -9a2485 + 0?
-9a2485
In base 12, what is 5248 - 0?
5248
In base 6, what is -530 - 105040?
-110010
In base 10, what is -32 + -2021?
-2053
In base 8, what is -63 - 3515?
-3600
In base 3, what is 111 - -212101?
212212
In base 3, what is -102002001100 + -10?
-102002001110
In base 15, what is -17 - bd7c?
-bd94
In base 12, what is -3177 + 43?
-3134
In base 11, what is 10 - -63340?
63350
In base 2, what is -100